[INFO] cloning repository https://github.com/neuhausler/rust-net
[INFO] running `Command { std: "git" "-c" "credential.helper=" "-c" "credential.helper=/workspace/cargo-home/bin/git-credential-null" "clone" "--bare" "https://github.com/neuhausler/rust-net" "/workspace/cache/git-repos/https%3A%2F%2Fgithub.com%2Fneuhausler%2Frust-net", kill_on_drop: false }`
[INFO] [stderr] Cloning into bare repository '/workspace/cache/git-repos/https%3A%2F%2Fgithub.com%2Fneuhausler%2Frust-net'...
[INFO] running `Command { std: "git" "rev-parse" "HEAD", kill_on_drop: false }`
[INFO] [stdout] b83c70dbce1ac1ea18711ee9485fc1d76b1f249d
[INFO] checking neuhausler/rust-net against master#af3c6e733a40e671550e0f0f5aeecaa13772ba56 for pr-74989
[INFO] running `Command { std: "git" "clone" "/workspace/cache/git-repos/https%3A%2F%2Fgithub.com%2Fneuhausler%2Frust-net" "/workspace/builds/worker-2/source", kill_on_drop: false }`
[INFO] [stderr] Cloning into '/workspace/builds/worker-2/source'...
[INFO] [stderr] done.
[INFO] validating manifest of git repo https://github.com/neuhausler/rust-net on toolchain af3c6e733a40e671550e0f0f5aeecaa13772ba56
[INFO] running `Command { std: "/workspace/cargo-home/bin/cargo" "+af3c6e733a40e671550e0f0f5aeecaa13772ba56" "read-manifest" "--manifest-path" "Cargo.toml", kill_on_drop: false }`
[INFO] started tweaking git repo https://github.com/neuhausler/rust-net
[INFO] finished tweaking git repo https://github.com/neuhausler/rust-net
[INFO] tweaked toml for git repo https://github.com/neuhausler/rust-net written to /workspace/builds/worker-2/source/Cargo.toml
[INFO] crate git repo https://github.com/neuhausler/rust-net already has a lockfile, it will not be regenerated
[INFO] running `Command { std: "/workspace/cargo-home/bin/cargo" "+af3c6e733a40e671550e0f0f5aeecaa13772ba56" "fetch" "--locked" "--manifest-path" "Cargo.toml", kill_on_drop: false }`
[INFO] [stderr]     Blocking waiting for file lock on package cache
[INFO] [stderr] error: the lock file /workspace/builds/worker-2/source/Cargo.lock needs to be updated but --locked was passed to prevent this
[INFO] [stderr] If you want to try to generate the lock file without accessing the network, use the --offline flag.
[INFO] the lockfile is outdated, regenerating it
[INFO] running `Command { std: "/workspace/cargo-home/bin/cargo" "+af3c6e733a40e671550e0f0f5aeecaa13772ba56" "generate-lockfile" "--manifest-path" "Cargo.toml" "-Zno-index-update", kill_on_drop: false }`
[INFO] [stderr]     Blocking waiting for file lock on package cache
[INFO] [stderr]     Updating git repository `https://github.com/libpnet/libpnet.git`
[INFO] running `Command { std: "/workspace/cargo-home/bin/cargo" "+af3c6e733a40e671550e0f0f5aeecaa13772ba56" "fetch" "--locked" "--manifest-path" "Cargo.toml", kill_on_drop: false }`
[INFO] [stderr]     Blocking waiting for file lock on package cache
[INFO] running `Command { std: "docker" "create" "-v" "/var/lib/crater-agent-workspace/builds/worker-2/target:/opt/rustwide/target:rw,Z" "-v" "/var/lib/crater-agent-workspace/builds/worker-2/source:/opt/rustwide/workdir:ro,Z" "-v" "/var/lib/crater-agent-workspace/cargo-home:/opt/rustwide/cargo-home:ro,Z" "-v" "/var/lib/crater-agent-workspace/rustup-home:/opt/rustwide/rustup-home:ro,Z" "-e" "SOURCE_DIR=/opt/rustwide/workdir" "-e" "CARGO_TARGET_DIR=/opt/rustwide/target" "-e" "CARGO_HOME=/opt/rustwide/cargo-home" "-e" "RUSTUP_HOME=/opt/rustwide/rustup-home" "-w" "/opt/rustwide/workdir" "-m" "1610612736" "--user" "0:0" "--network" "none" "rustops/crates-build-env@sha256:d92eaeed33fa75130ca1ee6c8a01d1ffb62bac859dfdfb3450e3e5d1c0146529" "/opt/rustwide/cargo-home/bin/cargo" "+af3c6e733a40e671550e0f0f5aeecaa13772ba56" "metadata" "--no-deps" "--format-version=1", kill_on_drop: false }`
[INFO] [stdout] 81259f8eb495671e21cb7a9debb9c2f3a41b08c83bfc18d5f731c591c2cc552c
[INFO] [stderr] WARNING: Your kernel does not support swap limit capabilities or the cgroup is not mounted. Memory limited without swap.
[INFO] running `Command { std: "docker" "start" "-a" "81259f8eb495671e21cb7a9debb9c2f3a41b08c83bfc18d5f731c591c2cc552c", kill_on_drop: false }`
[INFO] running `Command { std: "docker" "inspect" "81259f8eb495671e21cb7a9debb9c2f3a41b08c83bfc18d5f731c591c2cc552c", kill_on_drop: false }`
[INFO] running `Command { std: "docker" "rm" "-f" "81259f8eb495671e21cb7a9debb9c2f3a41b08c83bfc18d5f731c591c2cc552c", kill_on_drop: false }`
[INFO] [stdout] 81259f8eb495671e21cb7a9debb9c2f3a41b08c83bfc18d5f731c591c2cc552c
[INFO] running `Command { std: "docker" "create" "-v" "/var/lib/crater-agent-workspace/builds/worker-2/target:/opt/rustwide/target:rw,Z" "-v" "/var/lib/crater-agent-workspace/builds/worker-2/source:/opt/rustwide/workdir:ro,Z" "-v" "/var/lib/crater-agent-workspace/cargo-home:/opt/rustwide/cargo-home:ro,Z" "-v" "/var/lib/crater-agent-workspace/rustup-home:/opt/rustwide/rustup-home:ro,Z" "-e" "SOURCE_DIR=/opt/rustwide/workdir" "-e" "CARGO_TARGET_DIR=/opt/rustwide/target" "-e" "CARGO_INCREMENTAL=0" "-e" "RUST_BACKTRACE=full" "-e" "RUSTFLAGS=--cap-lints=forbid" "-e" "CARGO_HOME=/opt/rustwide/cargo-home" "-e" "RUSTUP_HOME=/opt/rustwide/rustup-home" "-w" "/opt/rustwide/workdir" "-m" "1610612736" "--user" "0:0" "--network" "none" "rustops/crates-build-env@sha256:d92eaeed33fa75130ca1ee6c8a01d1ffb62bac859dfdfb3450e3e5d1c0146529" "/opt/rustwide/cargo-home/bin/cargo" "+af3c6e733a40e671550e0f0f5aeecaa13772ba56" "check" "--frozen" "--all" "--all-targets" "--message-format=json", kill_on_drop: false }`
[INFO] [stdout] 00843a007c49bd53a40d6b5cda055267cd61141bd3251a2be2c210bd131a3cee
[INFO] [stderr] WARNING: Your kernel does not support swap limit capabilities or the cgroup is not mounted. Memory limited without swap.
[INFO] running `Command { std: "docker" "start" "-a" "00843a007c49bd53a40d6b5cda055267cd61141bd3251a2be2c210bd131a3cee", kill_on_drop: false }`
[INFO] [stderr]     Blocking waiting for file lock on package cache
[INFO] [stderr]    Compiling libc v0.2.77
[INFO] [stderr]    Compiling log v0.4.11
[INFO] [stderr]    Compiling cfg-if v0.1.10
[INFO] [stderr]    Compiling memchr v2.3.3
[INFO] [stderr]    Compiling unicode-xid v0.0.3
[INFO] [stderr]    Compiling term v0.4.6
[INFO] [stderr]    Compiling bitflags v0.5.0
[INFO] [stderr]    Compiling lazy_static v1.4.0
[INFO] [stderr]    Compiling regex-syntax v0.6.18
[INFO] [stderr]    Compiling glob v0.2.11
[INFO] [stderr]     Checking pnet_base v0.26.0
[INFO] [stderr]    Compiling serde v1.0.116
[INFO] [stderr]    Compiling pnet v0.26.0 (https://github.com/libpnet/libpnet.git#d7ceb98c)
[INFO] [stderr]    Compiling syntex_pos v0.42.0
[INFO] [stderr]    Compiling thread_local v1.0.1
[INFO] [stderr]     Checking pnet_macros_support v0.26.0 (https://github.com/libpnet/libpnet.git#d7ceb98c)
[INFO] [stderr]    Compiling log v0.3.9
[INFO] [stderr]    Compiling aho-corasick v0.7.13
[INFO] [stderr]    Compiling syntex_errors v0.42.0
[INFO] [stderr]     Checking pnet_sys v0.26.0 (https://github.com/libpnet/libpnet.git#d7ceb98c)
[INFO] [stderr]    Compiling syntex_syntax v0.42.0
[INFO] [stderr]    Compiling regex v1.3.9
[INFO] [stderr]     Checking ipnetwork v0.16.0
[INFO] [stderr]     Checking pnet_datalink v0.26.0 (https://github.com/libpnet/libpnet.git#d7ceb98c)
[INFO] [stderr]    Compiling syntex v0.42.2
[INFO] [stderr]    Compiling pnet_macros v0.26.0 (https://github.com/libpnet/libpnet.git#d7ceb98c)
[INFO] [stderr]    Compiling pnet_packet v0.26.0 (https://github.com/libpnet/libpnet.git#d7ceb98c)
[INFO] [stderr]     Checking pnet_transport v0.26.0 (https://github.com/libpnet/libpnet.git#d7ceb98c)
[INFO] [stderr]     Checking rust-net v0.1.0 (/opt/rustwide/workdir)
[INFO] [stdout] error[E0432]: unresolved import `pnet::datalink::datalink_channel`
[INFO] [stdout]  --> src/main.rs:8:22
[INFO] [stdout]   |
[INFO] [stdout] 8 | use pnet::datalink::{datalink_channel};
[INFO] [stdout]   |                      ^^^^^^^^^^^^^^^^ no `datalink_channel` in `datalink`
[INFO] [stdout] 
[INFO] [stdout] 
[INFO] [stdout] error[E0432]: unresolved import `pnet::datalink::DataLinkChannelType`
[INFO] [stdout]  --> src/main.rs:9:21
[INFO] [stdout]   |
[INFO] [stdout] 9 | use pnet::datalink::DataLinkChannelType::{Layer2};
[INFO] [stdout]   |                     ^^^^^^^^^^^^^^^^^^^ could not find `DataLinkChannelType` in `datalink`
[INFO] [stdout] 
[INFO] [stdout] 
[INFO] [stdout] error[E0432]: unresolved imports `pnet::util::NetworkInterface`, `pnet::util::get_network_interfaces`
[INFO] [stdout]   --> src/main.rs:11:18
[INFO] [stdout]    |
[INFO] [stdout] 11 | use pnet::util::{NetworkInterface, get_network_interfaces};
[INFO] [stdout]    |                  ^^^^^^^^^^^^^^^^  ^^^^^^^^^^^^^^^^^^^^^^ no `get_network_interfaces` in `util`
[INFO] [stdout]    |                  |
[INFO] [stdout]    |                  no `NetworkInterface` in `util`
[INFO] [stdout] 
[INFO] [stdout] 
[INFO] [stdout] error[E0432]: unresolved import `pnet::datalink::datalink_channel`
[INFO] [stdout]  --> src/main.rs:8:22
[INFO] [stdout]   |
[INFO] [stdout] 8 | use pnet::datalink::{datalink_channel};
[INFO] [stdout]   |                      ^^^^^^^^^^^^^^^^ no `datalink_channel` in `datalink`
[INFO] [stdout] 
[INFO] [stdout] 
[INFO] [stdout] error[E0432]: unresolved import `pnet::datalink::DataLinkChannelType`
[INFO] [stdout]  --> src/main.rs:9:21
[INFO] [stdout]   |
[INFO] [stdout] 9 | use pnet::datalink::DataLinkChannelType::{Layer2};
[INFO] [stdout]   |                     ^^^^^^^^^^^^^^^^^^^ could not find `DataLinkChannelType` in `datalink`
[INFO] [stdout] 
[INFO] [stdout] 
[INFO] [stdout] error[E0432]: unresolved imports `pnet::util::NetworkInterface`, `pnet::util::get_network_interfaces`
[INFO] [stdout]   --> src/main.rs:11:18
[INFO] [stdout]    |
[INFO] [stdout] 11 | use pnet::util::{NetworkInterface, get_network_interfaces};
[INFO] [stdout]    |                  ^^^^^^^^^^^^^^^^  ^^^^^^^^^^^^^^^^^^^^^^ no `get_network_interfaces` in `util`
[INFO] [stdout]    |                  |
[INFO] [stdout]    |                  no `NetworkInterface` in `util`
[INFO] [stdout] 
[INFO] [stdout] 
[INFO] [stdout] error: aborting due to 3 previous errors
[INFO] [stdout] 
[INFO] [stdout] 
[INFO] [stdout] For more information about this error, try `rustc --explain E0432`.
[INFO] [stdout] 
[INFO] [stdout] error: aborting due to 3 previous errors
[INFO] [stdout] 
[INFO] [stdout] 
[INFO] [stdout] For more information about this error, try `rustc --explain E0432`.
[INFO] [stdout] 
[INFO] [stderr] error: could not compile `rust-net`.
[INFO] [stderr] 
[INFO] [stderr] To learn more, run the command again with --verbose.
[INFO] [stderr] warning: build failed, waiting for other jobs to finish...
[INFO] [stderr] error: build failed
[INFO] running `Command { std: "docker" "inspect" "00843a007c49bd53a40d6b5cda055267cd61141bd3251a2be2c210bd131a3cee", kill_on_drop: false }`
[INFO] running `Command { std: "docker" "rm" "-f" "00843a007c49bd53a40d6b5cda055267cd61141bd3251a2be2c210bd131a3cee", kill_on_drop: false }`
[INFO] [stdout] 00843a007c49bd53a40d6b5cda055267cd61141bd3251a2be2c210bd131a3cee
